d(j) = -j**3 - 17*j**2 - 126*j - 4633. Calculate d(-21).
-223
Let d(w) = 2*w**3 - 35*w**2 + 159*w + 47. Determine d(10).
137
Let y(a) = -2*a**3 + 301*a**2 - 1337*a + 178073. What is y(150)?
23
Let p(d) = 5*d**3 - 28*d**2 - 29*d + 42. Give p(6).
-60
Let d(g) = 1376*g + 121334. Determine d(-88).
246
Let c(n) = -2247063*n + 42694194. What is c(19)?
-3
Let d(f) = 60*f**3 + 2*f**2 + 8*f - 18. Calculate d(2).
486
Let n(f) = -26*f + 79. Calculate n(-2).
131
Let i(p) = 134*p**2 - 776*p + 198. Determine i(6).
366
Let i(u) = 2*u**3 + 125*u**2 + 249*u + 11579. Determine i(-62).
-15
Let h(x) = x**3 - 73*x**2 + 224*x - 718. Calculate h(70).
262
Let g(z) = -z**3 + 15*z**2 + 5*z - 161. What is g(18)?
-1043
Let m(b) = -43*b**3 + b**2 - 344*b - 688. Give m(-2).
348
Let i(f) = -1269*f + 120672. Give i(96).
-1152
Let t(j) = -2431*j**2 - 21867*j + 86. Calculate t(-9).
-22
Let u(r) = -r**3 + 34*r**2 + 218*r - 9. Calculate u(-7).
474
Let x(o) = -o**3 - 30*o**2 + 840*o - 1051. Calculate x(-48).
101
Let g(f) = -114*f**2 + 22468*f + 43382. Give g(199).
0
Let o(m) = 586*m + 20718. Determine o(-36).
-378
Let x(v) = 2*v**2 - 550*v + 5251. Determine x(9).
463
Let p(f) = -f**2 + 1385044*f + 21. Calculate p(0).
21
Let v(z) = 6*z + 114. Give v(-76).
-342
Let f(l) = -22*l**2 + 9119*l - 22654. Calculate f(412).
6
Let y(k) = -13*k**3 + 53*k**2 - 229*k - 24. What is y(4)?
-924
Let m(v) = v**3 + 57*v**2 + 346*v + 1916. Give m(-50).
2116
Let i(n) = 3*n**3 + 20*n**2 + 144*n + 1130. Determine i(-8).
-278
Let z(q) = 116*q**2 - 13*q - 20. What is z(-5)?
2945
Let p(n) = -7*n**2 - 95*n - 917. What is p(-7)?
-595
Let p(w) = 19*w**2 - 992*w - 5018. Determine p(-5).
417
Let j(q) = -3229*q - 89987. What is j(-29)?
3654
Let y(v) = -2*v**3 - 363*v**2 + 755*v - 30295. What is y(-184)?
65
Let y(o) = 23121*o + 2358354. Determine y(-102).
12
Let t(u) = 115941*u - 695617. Calculate t(6).
29
Let q(a) = 488727*a - 4398493. Give q(9).
50
Let m(y) = -11*y**2 - 181*y - 1827. What is m(-10)?
-1117
Let x(v) = -94*v - 7546. Determine x(-79).
-120
Let d(c) = c**3 + 64*c**2 + 4*c + 80. Give d(-64).
-176
Let w(d) = -10181*d**2 + 20375*d - 22. Give w(2).
4
Let b(s) = 15292*s + 1452997. Determine b(-95).
257
Let p(h) = 5989*h + 4024611. Give p(-672).
3
Let j(n) = 2*n**2 + 2472*n - 163683. Give j(63).
-9
Let p(z) = -3*z**3 + 3626*z**2 - 21650*z + 13. What is p(6)?
1
Let m(a) = -a**3 - 11*a**2 - 231*a - 1014. Calculate m(-5).
-9
Let i(y) = 465*y + 144. Determine i(-3).
-1251
Let y(p) = 2*p**3 + 105*p**2 - 874*p - 6339. What is y(-59)?
-26
Let s(l) = -3*l**2 - 10*l - 9. Determine s(-10).
-209
Let z(v) = -v**2 - 18069*v - 1170202. What is z(-65)?
58
Let x(y) = 72203*y - 13718578. What is x(190)?
-8
Let o(i) = -i**2 - 199475*i + 11972099. Determine o(60).
-1
Let o(y) = 314*y + 16897. What is o(-50)?
1197
Let z(y) = -y**3 - 3*y**2 - 14*y - 4. Calculate z(-4).
68
Let t(l) = 20*l**2 + 138*l - 9036. Calculate t(-25).
14
Let o(p) = 8*p**2 + 243*p - 546. What is o(2)?
-28
Let o(c) = 4*c**2 + 15416*c - 2552261. Determine o(159).
7
Let r(d) = 4572*d**2 - 196607*d + 424. What is r(43)?
-49
Let z(o) = 3971*o + 202524. Give z(-51).
3
Let g(p) = 27*p**2 - 319*p + 860. Give g(8).
36
Let y(z) = 9*z**2 - 864*z - 4359. Give y(101).
186
Let q(r) = 18*r - 1183. Calculate q(-19).
-1525
Let q(o) = 24*o**2 + 1000*o + 5739. What is q(-7)?
-85
Let i(f) = -2*f**3 + 19*f**2 + 22*f - 1011. Calculate i(11).
-1132
Let j(f) = -99*f - 17817. Determine j(-179).
-96
Let f(k) = -k**2 + 16281*k - 795335. Calculate f(49).
33
Let l(v) = 3202*v + 172844. Calculate l(-54).
-64
Let m(u) = 8*u**2 - 670*u - 3628. Calculate m(-5).
-78
Let w(c) = -c**3 + 275*c**2 - 2374*c - 5201. Give w(266).
119
Let h(t) = -18047*t - 36246. Give h(-2).
-152
Let u(m) = -34568*m - 9. Calculate u(0).
-9
Let k(o) = 2*o**2 + 127*o + 1170. Calculate k(-59).
639
Let z(y) = 2*y**3 + 72*y**2 - 2100*y - 75905. Give z(-35).
45
Let b(y) = 3*y**3 - 143*y**2 + 1467*y + 54. Give b(15).
9
Let u(a) = 131*a**3 - 380*a**2 + 6*a - 13. Determine u(3).
122
Let w(j) = 28*j**2 - 35910*j + 71700. What is w(2)?
-8
Let v(l) = 33*l**3 + 11611*l**2 - 1756*l + 1107. Calculate v(-352).
-301
Let q(n) = 5*n**3 - 6*n**2 - 86*n + 357. Determine q(4).
237
Let q(v) = -v**3 - 31*v**2 - 24705*v - 817457. Calculate q(-33).
-14
Let i(t) = t**2 + 64*t - 196. Give i(12).
716
Let p(v) = -11421*v + 297016. Calculate p(26).
70
Let f(h) = -16*h**3 - 657*h**2 + 1917*h + 80281. Give f(-41).
3
Let r(w) = w**2 - w - 379. Give r(-31).
613
Let v(c) = -c**2 - 1726*c + 68860. Calculate v(39).
25
Let w(u) = 271709*u + 4075645. What is w(-15)?
10
Let f(i) = -i**3 - 119*i**2 + 9587*i + 1149085. Give f(-117).
28
Let h(x) = -x**3 - 21*x**2 - 8*x + 168. Determine h(-14).
-1092
Let z(b) = -1603*b + 32082. What is z(20)?
22
Let v(d) = -d**3 + 23*d**2 - 54*d + 4476. Determine v(27).
102
Let z(p) = 9075*p + 208. Calculate z(0).
208
Let b(t) = 3*t**2 + 1519*t - 1002835. Determine b(378).
-1
Let s(m) = -m**3 + 24*m**2 - 31*m + 41. What is s(17)?
1537
Let o(k) = -3*k**2 - 4455*k + 31161. Give o(7).
-171
Let l(x) = 4111*x - 538536. Calculate l(131).
5
Let m(b) = -2*b**2 + 13539*b + 67743. Determine m(-5).
-2
Let g(w) = 21*w**2 + 11*w + 122. Calculate g(7).
1228
Let s(c) = 2*c**3 - 308*c**2 - 637*c + 2439. What is s(156)?
411
Let b(i) = i**3 - 29*i**2 + 215*i + 24. Determine b(21).
1011
Let m(t) = 810*t + 175. Calculate m(0).
175
Let h(p) = -132203*p - 793174. Give h(-6).
44
Let j(o) = o**3 + 1017*o**2 + 6079*o + 78. What is j(-6)?
0
Let r(z) = -44*z**2 + 138*z + 463. What is r(-3)?
-347
Let f(n) = -n**3 + 8*n**2 + 442*n - 2273. Determine f(23).
-42
Let y(c) = 291*c - 5523. Calculate y(33).
4080
Let c(u) = -3252*u - 21058. Calculate c(-7).
1706
Let m(g) = -g**2 - 5933898*g + 77140837. What is m(13)?
-6
Let p(n) = -46726*n + 186780. What is p(4)?
-124
Let t(h) = 10*h**3 + 292*h**2 + 69*h + 408. What is t(-29)?
89
Let w(h) = h**3 - 47*h**2 - 553*h + 133. Determine w(57).
1102
Let k(p) = 56*p**2 + 270*p + 301. Calculate k(-9).
2407
Let b(t) = -t**2 - 78062*t + 9225245. Give b(118).
5
Let k(m) = 10*m**2 + 1232*m + 36364. Calculate k(-49).
6
Let b(c) = 6*c**2 + 1100*c + 38766. What is b(-136)?
142
Let s(x) = -341182*x - 26612202. What is s(-78)?
-6
Let p(g) = -3*g**3 - 189*g**2 + 52*g + 14760. Determine p(-62).
4
Let m(d) = 23*d**2 + 3359*d - 6660. What is m(-148)?
0
Let q(t) = -5*t**3 - 759*t**2 - 663*t - 8903. Give q(-151).
6
Let k(r) = 775*r + 298014. What is k(-384)?
414
Let w(o) = 13*o**2 - 2355*o - 22155. What is w(-9)?
93
Let t(s) = -s**3 - 246*s**2 - 5128*s - 233. Give t(-223).
-456
Let c(s) = 36*s**2 + 602*s - 163. What is c(-17)?
7
Let b(v) = 12*v**2 + 224*v - 874. Give b(-22).
6
Let b(o) = 33141*o + 397690. Determine b(-12).
-2
Let a(p) = -p**2 + 300*p + 124183. Determine a(-233).
-6
Let f(z) = -3*z**3 - 22*z**2 - 185*z - 289. Calculate f(-2).
17
Let g(c) = -13*c**2 + 156*c + 635. Give g(-3).
50
Let j(h) = 148*h - 12835. Calculate j(88).
189
Let l(w) = 13*w**2 - 200*w + 541. Give l(9).
-206
Let y(p) = 260*p**2 - 1812*p - 64. Determine y(7).
-8
Let h(b) = -b**3 + 2719*b**2 + 46*b. Calculate h(0).
0
Let y(v) = -44*v**3 - 132*v**2 - 10*v - 3. Give y(-1).
-81
Let z(n) = -11*n**2 - 302*n + 1023. Determine z(-31).
-186
Let h(u) = -2188*u - 15119. Give h(-7).
197
Let l(o) = 490*o - 338106. Calculate l(690).
-6
Let o(a) = -12838*a - 256711. Determine o(-20).
49
Let q(k) = 2229*k + 893835. Determine q(-401).
6
Let p(j) = 5*j**2 - 8419*j - 58960. What is p(-7)?
218
Let l(o) = -256*o + 1150. Give l(-9).
3454
Let n(h) = -2313*h + 13853. Calculate n(6).
-25
Let j(x) = -2301*x - 45804. What is j(-20)?
216
Let n(h) = 88*h**2 + 450*h + 45. What is n(-6)?
513
Let n(l) = 18*l**3 - 8*l**2 - 64*l - 108. Calculate n(-2).
-156
Let t(y) = 3*y**3 - 58*y**2 - 152*y + 3000. Determine t(19).
-249
Let y(k) = -2*k**2 + 745*k + 38915. Determine y(419).
-52
Let g(u) = u**3 + 22*u**2 + 971*u + 22847. What is g(-23)?
-15
Let g(j) = 7*j**3 + 102*j**2 + 294*j - 224. Give g(-10).
36
Let p(d) = 1325*d**3 - 9*d**2 - 104*d + 104. Determine p(1).
1316
Let q(y) = -1094*y**2 - 68911*y + 642. Calculate q(-63).
-51
Let r(b) = -b**3 + 26*b**2 + 3306*b - 291. Determine r(-46).
-15
Let x(y) = 3*y**2 + 7169*y - 100855. What is x(14)?
99
Let x(j) = -j**3 + 40*j**2 - 369*j + 114.